 4855. Let q = -27 + 42. What is the remainder when v is divided by q?
14
Suppose -394 - 37 = -p. Suppose 35*d - p = 444. Suppose -4*n - 615 = -9*n. What is the remainder when n is divided by d?
23
Let i be (6/(-90)*-6)/((-6)/(-60)). Suppose -f = -0*f + 2. What is the remainder when 30 is divided by (64/(i/f))/(12 - 14)?
14
Let u(b) = 7*b**2 + 63*b + 11. Let q be u(-9). Calculate the remainder when (-1 + 0)*(-13 + -51 + q) is divided by 8.
5
Let f(h) = 55*h**2 - 3*h + 1. Suppose 94 = -k - 4*u, 89 + 72 = -2*k + u. Let j = k - -93. What is the remainder when f(1) is divided by j?
9
Let n(u) = -5*u**2 + 28*u + 7. Let x(h) = -4*h**2 + 29*h + 7. Let t(i) = -2*n(i) + 3*x(i). What is the remainder when 504 is divided by t(15)?
20
Suppose 224 = 5*v - j - 321, 530 = 5*v + 2*j. What is the remainder when 1729 is divided by v?
1
Let q be ((-292)/6)/((-42)/(-63)). Let s = q + 76. Calculate the remainder when 72 is divided by s + 0 + 27 + -11.
15
Suppose 0 = -8*i + 489 + 276 - 133. What is the remainder when 296 is divided by i?
59
Let l be (6 - 5)*1*(-1 + 62). Let f = l - 47. What is the remainder when f is divided by 12?
2
What is the remainder when (16/(-18))/(-4) + (-12964)/(-63) is divided by 4?
2
Suppose 7 = 10*q - 173. Suppose -10 = 4*i - q. Calculate the remainder when 4 is divided by i.
0
Suppose 28 = 4*a + 5*t - 1, a + 2*t - 5 = 0. Suppose -10 = 2*m, 2*g - 3*m = -0*g + 795. Suppose i = a*i - g. What is the remainder when i is divided by 14?
11
Let q = -136 - -137. Let c(h) = 14*h**2 + 4*h - 6. What is the remainder when 58 is divided by c(q)?
10
Suppose -q = -3*q + 128. Let j = 67 - q. Suppose 4*t = j*t + 55. What is the remainder when t is divided by 14?
13
What is the remainder when 3349 is divided by 18/(-24)*(8 + 1088/(-51))?
9
Let v(z) = 3*z**2 + 24*z + 249. What is the remainder when 687 is divided by v(-8)?
189
Let j be (-1 + 1)/(10/(-4 + -1)). Suppose j = -15*c + c + 3626. What is the remainder when c is divided by 33?
28
Let y = 336 + -323. Let c = 23 - y. Calculate the remainder when 75 is divided by c.
5
What is the remainder when 987 is divided by (((-25)/(-20))/((-2)/(-8)))/(38/2356)?
57
Let c(h) = 17*h + 1. Suppose 101*u - 196*u - 60 = -99*u. Calculate the remainder when c(2) is divided by u.
5
Suppose 0 = 66*c - 48*c. Suppose 0 = 5*b, -f + 4*b - 5 + 34 = c. What is the remainder when f is divided by 5?
4
Let l = -415 - -587. Let f be 2/(-8) - -148*(-13)/(-208). Let c(p) = p**3 - 10*p**2 + 15*p - 38. Calculate the remainder when l is divided by c(f).
12
Let t = -21990 - -22235. Calculate the remainder when 494 is divided by t.
4
Let n(c) = 83*c - 217. Let u be n(4). Suppose -u*k - 324 = -121*k. Calculate the remainder when 102 is divided by k.
48
Let p = 3199 + -3017. Calculate the remainder when 4911 is divided by p.
179
Let d(t) = 114*t**2 + 450*t + 4362. Calculate the remainder when d(-10) is divided by 32.
30
Suppose 0*r = -5*r. Suppose r = z - 72 + 4. What is the remainder when z is divided by (15 - (-5 - -10))*1?
8
Suppose -1600 = 6*x - 1750. Let c = 85 - 50. Calculate the remainder when c is divided by x.
10
Calculate the remainder when 32 + 20734/22 - (-12)/22 is divided by 29.
18
Let z = -1946 + 1950. What is the remainder when 534 is divided by z?
2
Let k(a) = -3*a + 3*a + a - 4*a. Suppose 0 = 2*u + 3*j - 111, u + 3*j = -j + 63. Calculate the remainder when u is divided by k(-9).
24
Suppose -39*c + 28308 = -44167 + 18577. Calculate the remainder when c is divided by 1380.
2
Let v be (-935)/(-22)*4/(-5). Calculate the remainder when 2/(12/(-18))*32/(-6) is divided by (-2 + -1)*v/17.
4
Suppose -786*z = -782*z - 20, 4*z = -3*k + 485. Let d(h) = 4*h**2 + 7*h + 5. Calculate the remainder when k is divided by d(-4).
32
Let q(k) = 69*k - 3410. What is the remainder when 675 is divided by q(50)?
35
Let f = 239 + -355. Let j = -16 - 42. Let t = j - f. Calculate the remainder when t is divided by 10.
8
Let v = 4503 + -3000. What is the remainder when v is divided by 25?
3
Let t be 20/(-6)*1*72/(-20). Let j be -2 + 21/t - (-68)/16. Suppose x - j*h - 20 = -h, 2*x - h = 30. What is the remainder when 51 is divided by x?
9
Let z = -142 + 530. Let a = 592 - z. Suppose 0 = -10*y + 6*y + a. Calculate the remainder when 254 is divided by y.
50
Suppose 34 = 3*v + 7. Let n be (-2835)/v + (-1)/(-1). Let i = -156 - n. Calculate the remainder when i is divided by 32.
30
Suppose 11*d - 1684 = -25*d + 1988. What is the remainder when 249 is divided by d?
45
Suppose 3*v + w - 298 = 169, -3*v = -5*w - 491. Calculate the remainder when v is divided by 16.
13
Suppose 47 = 5*w + 4*a + 23, 2*a + 16 = w. Suppose 13*j - 6342 = -w*j. Calculate the remainder when j is divided by 5.
2
Let q(k) = -182*k - 1191. What is the remainder when 2/(-10) - (-852)/10 is divided by q(-7)?
2
Suppose 2*j = -3*i + 103, -6*j + 3 = -9*j. What is the remainder when 279 is divided by i?
34
Let p be 3*(-7)/(-21) - 10/(-2). Suppose 8*m - 6 = p*m. Suppose -152 = -m*b - 2*s, 3*s = -3*b - s + 154. What is the remainder when b is divided by 26?
24
Let z be (12/9)/((-4)/(-822)). Suppose 0 = -7*r - 90 - z. What is the remainder when (6/(-2))/(6/r) is divided by 10?
6
Suppose 0 = b - 4 - 2. Suppose 3*n = 5*n + 4, -b = -2*s + n. Suppose -80 = -t + 5*p - 1, -2*p = -s. What is the remainder when t is divided by 29?
26
Let d(p) = p**3 + 44*p**2 + 229*p + 57. Suppose -2*k - 27 - 45 = 0. Let b = 39 - k. Calculate the remainder when b is divided by d(-38).
18
Let f(s) = -4*s**3 + 2*s**2 - 12. Let k be f(3). What is the remainder when 338 is divided by 6*(k/(-54))/((-2)/(-12))?
66
Suppose 2*r + 0*r - 28 = 0. Let l(m) = -16*m + 43. Let b be l(-13). Calculate the remainder when (b - 6)/5 - (3 + -2) is divided by r.
6
Let i = -17239 + 17353. Suppose 34 = 5*q - 116. What is the remainder when i is divided by q?
24
Suppose -324*s + 5434 = -1046. Calculate the remainder when 1078 is divided by s.
18
Let p be (-27)/(-18) + 2/4. Calculate the remainder when 77 is divided by (17 - -1)/(p/5).
32
Suppose 13*f - 8820 - 5727 = 0. Calculate the remainder when f is divided by 160.
159
Let b(y) = -2*y**3 - 41*y**2 + 116*y + 442. What is the remainder when b(-24) is divided by 211?
2
Let i = -354 + 593. Let j = 548 - i. What is the remainder when j is divided by 52?
49
Suppose -3*m = -2*z - 100, 392*m = 394*m + 4*z - 24. Suppose 412 = 4*w - 3*h + h, 2*w - 190 = 5*h. What is the remainder when w is divided by m?
21
Suppose -2*f = -y + 1825, -3668 = -2*y - 0*y - 2*f. What is the remainder when y is divided by 141?
139
Suppose -d = -6*d - 4*t + 14706, 2*t + 2930 = d. Calculate the remainder when d is divided by 98.
96
Let y be (-9)/(-27) - ((-4)/6 - 0). Let g be (-905)/25 - y/(-5). Let h = 65 + g. Calculate the remainder when 84 is divided by h.
26
Let q = -31 - -69. Let n = -86252 + 86344. What is the remainder when n is divided by q?
16
Suppose 5*t + 2*t + 105 = 0. Suppose -169 = -4*c + 31. Calculate the remainder when c is divided by 28 + (-5)/t*-3.
23
Let c = -47308 + 47341. What is the remainder when (-82)/(-3)*(-27)/(-6) is divided by c?
24
Let x(z) be the third derivative of z**6/60 - 8*z**5/15 + 19*z**4/12 - 23*z**3/3 - z**2 + 9*z. Calculate the remainder when 294 is divided by x(15).
72
What is the remainder when (2152/6)/((-220)/(-165)) is divided by 99?
71
Let v = 268 - 258. Suppose 3*s + 67 = 2*y, 3*s = -4*y + 153 - v. Let q(j) = 9*j**2. Calculate the remainder when y is divided by q(1).
8
Suppose -f - 245 = -6*f. Suppose -3*b = -22*b + 23256. Suppose -39*q = 33*q - b. Calculate the remainder when f is divided by q.
15
Let d(i) = -45*i + 762. Calculate the remainder when 867 is divided by d(13).
159
Let p = 15486 + -15398. What is the remainder when 2101 is divided by p?
77
Suppose 27 = 3*s - 51. Suppose 0 = -2*i + s - 16. Suppose i*g = 4*g + 1. Calculate the remainder when 6 is divided by g.
0
Let c = 1294 + -143. Calculate the remainder when c is divided by 16.
15
Let v be 2/5*(595/10 - -3). Suppose v*u - 86 - 39 = 0. Calculate the remainder when u is divided by (-4)/(-10) + 36/10.
1
Let d = -1264 + 1319. What is the remainder when 1758 is divided by d?
53
Let r be 2/(2 + 124/(-64)). Let d = r + 1. Calculate the remainder when d is divided by 7.
5
Let d(i) = 22*i. Let k be d(2). Let g = -2843 -